at is 3 + -1067501?
-1067487
In base 16, what is -1db4ea - -47?
-1db4a3
In base 2, what is -10011100000011 + 11010100?
-10011000101111
In base 7, what is -15444326 - -61?
-15444235
In base 5, what is -41 - -34120140?
34120044
In base 7, what is -225 + 2052606?
2052351
In base 10, what is -186 - -3825?
3639
In base 16, what is 57fa + 31b?
5b15
In base 16, what is -14572d8 - 3?
-14572db
In base 2, what is -10 - 11010011111011000001000011?
-11010011111011000001000101
In base 6, what is 3120032 + -133?
3115455
In base 10, what is 19380 - -16709?
36089
In base 4, what is 1 + -2220330321211?
-2220330321210
In base 14, what is -5 - -41302c5?
41302c0
In base 11, what is 47 - 759552?
-759506
In base 5, what is -112041231 + -3030?
-112044311
In base 12, what is 6395744b - -5?
63957454
In base 5, what is -103 - -3411403?
3411300
In base 10, what is -157099961 + 1?
-157099960
In base 9, what is -253 + -860631?
-860884
In base 11, what is 5 - 35a74806?
-35a74801
In base 8, what is -20 + -1252153?
-1252173
In base 15, what is -289e + e8c7?
c028
In base 6, what is -45 - 1050204041?
-1050204130
In base 7, what is -2441060 + 5215?
-2432542
In base 12, what is -a258601 - -12?
-a2585ab
In base 8, what is 0 - 12713571?
-12713571
In base 10, what is -1000 + 7275?
6275
In base 15, what is b82d - -7c1?
c0ee
In base 16, what is b - 1c8b39?
-1c8b2e
In base 15, what is -1b - -4ad688?
4ad66c
In base 6, what is 2 - -4242311353?
4242311355
In base 10, what is -550573 - 875?
-551448
In base 14, what is -38ac - -786?
-3126
In base 10, what is -21380817 + 8?
-21380809
In base 13, what is 2b2b1cc + 5?
2b2b204
In base 2, what is -11011 - 1100101001010111110?
-1100101001011011001
In base 16, what is 1a6f7e + 7?
1a6f85
In base 12, what is 104542 + 301?
104843
In base 12, what is 29373149 - -5?
29373152
In base 3, what is 12 - -101111111100221?
101111111101010
In base 14, what is 2da90 - 60?
2da30
In base 9, what is -203045 - -350?
-202585
In base 13, what is -16ac - -c8a?
-722
In base 16, what is 19ae - 9167?
-77b9
In base 11, what is 765153444 + 5?
765153449
In base 2, what is 10000110000101011 - 110100001?
10000101010001010
In base 2, what is 100011110000111000110 - -10010?
100011110000111011000
In base 6, what is -311154 + 1114?
-310040
In base 3, what is 112201010 - -2220012?
122121022
In base 10, what is -28981 + -631?
-29612
In base 9, what is 7608438 - 28?
7608410
In base 14, what is -1d84a7 + 4?
-1d84a3
In base 16, what is -205400 + 49?
-2053b7
In base 11, what is 7164a406 + 5?
7164a410
In base 11, what is -923459 - 147?
-9235a5
In base 6, what is -3 - -10340540?
10340533
In base 15, what is -6 + 1169453?
116944c
In base 5, what is 1424400301 - -14?
1424400320
In base 10, what is -2 - -14247603?
14247601
In base 9, what is -46161823 - -3?
-46161820
In base 3, what is 112 - 20001202122122221?
-20001202122122102
In base 2, what is -111011 + 1010011111111001110?
1010011111110010011
In base 14, what is -187 - 1c5b2?
-1c759
In base 12, what is 1 + aa644a4?
aa644a5
In base 10, what is -13447688 - 4?
-13447692
In base 3, what is -100111 + 1110021100?
1102220212
In base 14, what is 0 + 32b0236?
32b0236
In base 14, what is -17da - -1358?
-482
In base 4, what is 13 + 103000203300220?
103000203300233
In base 9, what is 6 - -12778614?
12778621
In base 8, what is 5 - 455061?
-455054
In base 5, what is -10331331340 - -13?
-10331331322
In base 15, what is -16915 - 2ea?
-16c10
In base 8, what is 1174 - -12421?
13615
In base 6, what is -4355212 + 13?
-4355155
In base 10, what is -2502 + 443?
-2059
In base 14, what is 1507368 + -1?
1507367
In base 7, what is 16410 + -132?
16245
In base 9, what is 0 + 5118322?
5118322
In base 12, what is 42 + 20b750?
20b792
In base 8, what is -5 - 64163125?
-64163132
In base 16, what is 38767b + 1?
38767c
In base 10, what is 6 - -31235670?
31235676
In base 5, what is -4004 - -323341?
314332
In base 13, what is ca6 + -7753?
-677a
In base 14, what is -2a73d - -46?
-2a6d7
In base 12, what is 16ab6969 - -3?
16ab6970
In base 8, what is 444207525 + 2?
444207527
In base 2, what is 1011111101001010 + -110100101?
1011110110100101
In base 8, what is -11202 + 41464?
30262
In base 15, what is -8885 - 1390?
-9c25
In base 3, what is -102100 + -11020002210?
-11020112010
In base 5, what is -1333322 - -1323?
-1331444
In base 7, what is 1223651 - -114?
1224065
In base 6, what is 13053 + 134224?
151321
In base 15, what is 1 + 990878?
990879
In base 6, what is 155041 + -315051?
-120010
In base 2, what is -1010111011011101111000111 + -100?
-1010111011011101111001011
In base 14, what is -110a0abd + 1?
-110a0abc
In base 3, what is -201 + -1110100201212?
-1110100202120
In base 11, what is 90a237 + 9?
90a245
In base 7, what is 2 + 256663353?
256663355
In base 9, what is 40 - -1181878?
1182028
In base 6, what is 2135 + -111110?
-104531
In base 4, what is 32200 - -3023?
101223
In base 2, what is -10000110000111111 + 100010001000?
-10000001110110111
In base 15, what is -1d904e - -27?
-1d9027
In base 11, what is -20663806 - 3?
-20663809
In base 3, what is -111121100011011 + -101?
-111121100011112
In base 7, what is -31512 - 1140?
-32652
In base 10, what is 3233 + -27252?
-24019
In base 3, what is -1 + 12102220221100?
12102220221022
In base 7, what is 41564410 - -2?
41564412
In base 6, what is 22412013 - -4340?
22420353
In base 7, what is -2416 - 5023?
-10442
In base 14, what is -264c013 - 2?
-264c015
In base 9, what is -5847 + 8123?
2165
In base 12, what is -1 - -27739b?
27739a
In base 12, what is 2027947b + b?
2027948a
In base 6, what is -2320403445 - 1?
-2320403450
In base 8, what is -1245 + -52217?
-53464
In base 10, what is 22 + 6172463?
6172485
In base 4, what is -10313002000310 + 1?
-10313002000303
In base 15, what is 5 + -23761c?
-237617
In base 3, what is -2 + 2222210010111201?
2222210010111122
In base 4, what is -11210000032012 - 10?
-11210000032022
In base 15, what is 2 + -52b47?
-52b45
In base 12, what is b79 - -323?
12a0
In base 9, what is 186170040 + 3?
186170043
In base 6, what is 122 + -11002043?
-11001521
In base 12, what is -1140ba48 + -4?
-1140ba50
In base 7, what is -243632 - 4140?
-251102
In base 5, what is -11 + -4003034330?
-4003034341
In base 7, what is -10 - 226200006?
-226200016
In base 10, what is 91341859 - -3?
91341862
In base 13, what is -198ccc3 - 0?
-198ccc3
In base 5, what is 11140 + 1013313?
1030003
In base 16, what is 4 + 1558f1?
1558f5
In base 12, what is 6ab0 - 315b7?
-26707
In base 16, what is -d6de - -4928?
-8db6
In base 15, what is -1917c7 - 50?
-191827
In base 13, what is -916 + 338?
-5ab
In base 4, what is 1223231013121 - 110?
1223231013011
In base 6, what is 20 - 551345112?
-551345052
In base 15, what is -4b67c2 - 3?
-4b67c5
In base 7, what is -22260563 + 4?
-22260556
In base 10, what is 1167736382 + 2?
1167736384
In base 15, what is 3e8 - b62e?
-b236
In base 13, what is 25 + -8b940?
-8b918
In base 10, what is -57 + 13595?
13538
In base 4, what is -13030 + -2111131002?
-2111210032
In base 14, what is -ad817 + 4?
-ad813
In base 4, what is -23 + -3010221?
-3010310
In base 6, what is -10044314 - -145?
-10044125
In base 16, what is -9eec0 - -5?
-9eebb
In base 12, what is -20 + 11bb15a1?
11bb1581
In base 12, what is 11b43a + 157?
11b595
In base 10, what is 331752 + -722?
331030
In base 2, what is -100 - 111110111010000100010001000?
-111110111010000100010001100
In base 6, what is 3243445401 + -4?
3243445353
In base 3, what is 0 + 1021120122120?
1021120122120
In base 14, what is 4651 + 3219?
786a
In base 5, what is 332044 - 234333?
42211
In base 5, what is 202143124 - 10?
202143114
In base 10, what is 7 - 779923?
-779916
In base 3, what is -20212100211 + 201?
-20212100010
In base 8, what is 1737531 + -6?
1737523
In base 5, what is -4 - 4200103?
-4200112
In base 12, what is 611 - -1037?
1648
In base 8, what is 5255532 + 15?
5255547
In base 12, what is 25a + b0a01?
b105b
In base 13, what is -57cba72 + 4?
-57cba6b
In base 16, what is 0 - -14b2f32?
14b2f32
In base 8, what is 54 + 25545771?
25546045
In base 8, what is -11032 - -22327?
11275
In base 5, what is 203 + -1033044010?
-1033043302
In base 8, what is -573055 + 322?
-572533
In base 10, what is 53155 - 184?
52971
In base 4, what is 112302 + -11011031?
-10232123
In base 7, what is -45 - 1364605?